ase 7) in base 4?
2
-55 (base 12) to base 7
-122
Convert -3 (base 9) to base 14.
-3
Convert -21 (base 6) to base 12.
-11
Convert -4 (base 16) to base 10.
-4
3 (base 14) to base 7
3
What is 1 (base 6) in base 4?
1
Convert -51 (base 11) to base 6.
-132
What is -4 (base 14) in base 11?
-4
What is -11 (base 2) in base 16?
-3
2d (base 16) to base 11
41
-48 (base 13) to base 3
-2020
What is 1 (base 3) in base 4?
1
What is 1 (base 10) in base 12?
1
443 (base 5) to base 6
323
-12 (base 12) to base 13
-11
-6 (base 8) to base 10
-6
2022 (base 4) to base 3
12010
What is 12220 (base 3) in base 4?
2133
What is 3 (base 7) in base 12?
3
5 (base 6) to base 5
10
What is -466 (base 7) in base 16?
-f4
381 (base 9) to base 7
631
Convert -103 (base 7) to base 9.
-57
Convert -1 (base 14) to base 3.
-1
What is -8 (base 10) in base 11?
-8
1 (base 4) to base 16
1
-a (base 15) to base 13
-a
102 (base 5) to base 15
1c
181 (base 10) to base 7
346
c (base 15) to base 12
10
Convert -22112 (base 3) to base 7.
-446
201 (base 8) to base 9
153
Convert -1a (base 14) to base 16.
-18
What is 27 (base 16) in base 12?
33
What is -100011 (base 2) in base 15?
-25
Convert -143 (base 10) to base 2.
-10001111
Convert f9 (base 16) to base 14.
13b
What is -101 (base 3) in base 12?
-a
What is -3 (base 7) in base 15?
-3
What is 1 (base 15) in base 4?
1
What is -10 (base 7) in base 9?
-7
Convert 11 (base 4) to base 9.
5
What is 2 (base 4) in base 2?
10
11 (base 11) to base 12
10
-2 (base 7) to base 13
-2
Convert -201 (base 6) to base 16.
-49
What is 1a (base 14) in base 13?
1b
Convert -101001 (base 2) to base 7.
-56
What is 205 (base 8) in base 15?
8d
Convert 1 (base 4) to base 8.
1
What is -53 (base 14) in base 5?
-243
Convert -9 (base 13) to base 16.
-9
What is -1 (base 3) in base 9?
-1
What is -2001 (base 4) in base 6?
-333
-2 (base 14) to base 6
-2
Convert -14 (base 7) to base 6.
-15
Convert -14 (base 7) to base 14.
-b
9 (base 15) to base 7
12
What is 3 (base 10) in base 12?
3
5 (base 8) to base 12
5
What is 8 (base 12) in base 2?
1000
What is -21 (base 14) in base 11?
-27
What is 51 (base 11) in base 16?
38
63 (base 11) to base 2
1000101
Convert -9 (base 11) to base 10.
-9
-1121 (base 3) to base 15
-2d
45 (base 9) to base 8
51
What is 10 (base 2) in base 8?
2
What is -4 (base 9) in base 11?
-4
Convert -15 (base 8) to base 9.
-14
37 (base 9) to base 4
202
Convert 0 (base 7) to base 14.
0
What is -2 (base 15) in base 7?
-2
Convert 3 (base 10) to base 16.
3
131 (base 4) to base 9
32
What is 49 (base 13) in base 2?
111101
What is -10 (base 2) in base 12?
-2
Convert 10 (base 2) to base 8.
2
Convert 4 (base 5) to base 8.
4
Convert 1400 (base 5) to base 15.
100
What is 2012 (base 3) in base 4?
323
What is 0 (base 13) in base 7?
0
Convert 5 (base 7) to base 12.
5
What is 61 (base 14) in base 4?
1111
What is -5 (base 9) in base 2?
-101
What is -445 (base 6) in base 10?
-173
What is 7 (base 10) in base 3?
21
141 (base 6) to base 14
45
What is 10b (base 13) in base 12?
130
Convert -4 (base 14) to base 8.
-4
Convert -18 (base 9) to base 13.
-14
Convert 18 (base 12) to base 6.
32
Convert 6 (base 11) to base 16.
6
100 (base 2) to base 14
4
11 (base 4) to base 6
5
Convert 110 (base 2) to base 10.
6
-11 (base 3) to base 8
-4
5 (base 13) to base 3
12
Convert 11 (base 7) to base 12.
8
Convert -1 (base 13) to base 8.
-1
Convert -46 (base 10) to base 6.
-114
What is -1144 (base 5) in base 6?
-450
What is -203 (base 5) in base 14?
-3b
What is 130 (base 5) in base 2?
101000
Convert 10110 (base 2) to base 9.
24
What is -1 (base 4) in base 3?
-1
What is -11 (base 4) in base 15?
-5
-1 (base 9) to base 7
-1
Convert 20 (base 9) to base 16.
12
-63 (base 11) to base 10
-69
-1 (base 16) to base 4
-1
12 (base 3) to base 11
5
Convert 97 (base 11) to base 14.
78
-36 (base 10) to base 4
-210
Convert -54 (base 16) to base 11.
-77
What is 2 (base 14) in base 3?
2
What is 3 (base 4) in base 14?
3
Convert 92 (base 15) to base 9.
162
Convert 130 (base 4) to base 9.
31
What is 12 (base 4) in base 2?
110
What is 11 (base 4) in base 2?
101
What is 12 (base 7) in base 14?
9
What is 143 (base 5) in base 16?
30
21 (base 5) to base 7
14
-1b (base 16) to base 4
-123
-5a (base 12) to base 11
-64
What is 3 (base 13) in base 11?
3
-12 (base 4) to base 6
-10
-124 (base 5) to base 13
-30
What is -30 (base 7) in base 14?
-17
Convert -3 (base 9) to base 7.
-3
What is 1 (base 16) in base 3?
1
-6 (base 13) to base 9
-6
Convert 6 (base 11) to base 14.
6
-12 (base 9) to base 4
-23
0 (base 8) to base 4
0
1 (base 12) to base 5
1
5 (base 6) to base 3
12
What is 2 (base 6) in base 4?
2
113 (base 5) to base 15
23
What is -1 (base 5) in base 8?
-1
-66 (base 14) to base 9
-110
What is -10 (base 3) in base 14?
-3
Convert -10 (base 15) to base 2.
-1111
What is 22 (base 6) in base 16?
e
11 (base 2) to base 3
10
What is -3 (base 16) in base 8?
-3
What is 12 (base 4) in base 14?
6
Convert 2 (base 7) to base 2.
10
1010111 (base 2) to base 3
10020
0 (base 4) to base 8
0
112 (base 3) to base 12
12
Convert -100 (base 4) to base 12.
-14
-68 (base 14) to base 6
-232
Convert 10 (base 4) to base 15.
4
Convert 10 (base 7) to base 2.
111
-100000111 (base 2) to base 8
-407
-3 (base 9) to base 3
-10
What is -1a (base 16) in base 2?
-11010
Convert -13 (base 5) to base 8.
-10
What is 6 (base 11) in base 2?
110
Convert -335 (base 8) to base 15.
-eb
What is -1 (base 5) in base 2?
-1
What is -2a (base 12) in base 11?
-31
Convert a (base 15) to base 2.
1010
What is 3 (base 11) in base 14?
3
Convert -2 (base 6) to base 12.
-2
What is 2 (base 8) in base 10?
2
-2 (base 3) to base 4
-2
Convert 2 (base 16) to base 10.
2
a (base 14) to base 16
a
What is 0 (base 11) in base 2?
0
130 (base 4) to base 13
22
What is 83 (base 16) in base 15?
8b
Convert 1a2 (base 13) to base 10.
301
What is -9 (base 10) in base 6?
-13
-17 (base 9) to base 3
-121
What is 3 (base 8) in base 9?
3
Convert -11 (base 2) to base 15.
-3
-7 (base 9) to base 6
-11
150 (base 12) to base 4
3030
7e (base 16) to base 12
a6
What is 1010 (base 2) in base 14?
a
What is -3 (base 12) in base 11?
-3
40 (base 7) to base 12
24
-17 (base 12) to base 11
-18
Convert -1 (base 14) to base 2.
-1
What is -4 (base 11) in base 5?
-4
What is -3 (base 9) in base 12?
-3
-a (base 12) to base 2
-1010
-3 (base 5) to base 3
-10
What is 1 (base 16) in base 14?
1
Convert 114 (base 6) to base 2.
101110
Convert 0 (base 13) to base 14.
0
What is -124 (base 10) in base 5?
-444
What is -8 (base 13) in base 9?
-8
What is -4 (base 8) in base 2?
-100
11 (base 4) to base 12
5
What is -1022 (base 4) in base 12?
-62
What is -100 (base 3) in base 4?
-21
Convert -6b (base 16) to base 14.
-79
What is 11011 (base 2) in base 6?
43
100 (base 2) to base 7
4
Convert 3 (base 14) to base 6.
3
55 (base 14) to base 11
69
Convert 242 (base 7) to base 4.
2000
What is 161 (base 8) in base 11?
a3
What is 3203 (base 4) in base 10?
227
Convert 140 (base 6) to base 14.
44
Convert 41 (base 13) to base 9.
58
Convert 109 (base 14) to base 4.
3031
What is 1104 (base 5) in base 16?
9a
-61 (base 13) to base 12
-67
Convert -2321 (base 4) to base 9.
-225
What is -2210 (base 3) in base 5?
-300
What is -10 (base 13) in base 4?
-31
Convert -4 (base 10) to base 8.
-4
21210 (base 3) to base 14
110
What is 3 (base 6) in base 11?
3
What is 0 (base 4) in base 8?
0
What is -2 (base 13) in base 9?
-2
Convert 3a (base 14) to base 6.
124
-233 (base 8) to base 15
-a5
3 (base 4) to base 3
10
Convert -1c (base 13) to base 8.
-31
What is 1 (base 8) in base 5?
1
Convert -2 (base 4) to base 12.
-2
-c (base 16) to base 15
-c
-10 (base 3) to base 7
-3
-113 (base 5) to base 10
-33
301 (base 4) to base 2
110001
Convert 3 (base 6) to base 4.
3
Convert -221 (base 3) to base 11.
-23
What is -5 (base 7) in base 11?
-5
-11 (base 2) to base 8
-3
-22 (base 6) to base 9
-15
Convert 4 (base 14) to base 3.
11
-6 (base 14) to base 3
-20
Convert -212 (base 3) to base 7.
-32
15 (base 11) to base 14
12
-ad (base 14) to base 9
-180
What is 3 (base 10) in base 6?
3
-11001 (base 2) to base 14
-1b
Convert 100 (base 2) to base 4.
10
Convert -110 (base 2) to base 11.
-6
Convert 1 (base 8) to base 2.
1
Convert -50 (base 10) to base 3.
-1212
What is -10 (base 7) in base 8?
-7
Convert 35 (base 13) to base 8.
54
What 